rime factors of m?
2, 61
Let d(r) = 3*r - 13. Let t(j) = j - 1. Let u(m) = 3*m**2 + 5*m + 4. Let n be u(-2). Let c(w) = n*t(w) - d(w). What are the prime factors of c(4)?
19
Let f be -4*1*1606/88. Let m = 138 + f. List the prime factors of m.
5, 13
What are the prime factors of (0 - -34)/((-14)/(-413))?
17, 59
What are the prime factors of (-40)/(-60)*(0 + 729)?
2, 3
Let y(k) = -k - 23. List the prime factors of y(-34).
11
Suppose 5*m - 4*z = 2*m - 263, 3*z = -5*m - 419. Let p = 0 - m. List the prime factors of p.
5, 17
Suppose -3086 - 208 = -27*x. Let z be (-10)/(-3) - 3/9. Suppose 0 = -5*p - 20, -z*g - 4*p - x = -5*g. List the prime factors of g.
53
Let q(c) be the second derivative of c**4/6 + 5*c**3/6 - 5*c**2/2 - 11*c. List the prime factors of q(4).
47
Let k(s) = s**3 + s**2 + 2*s - 2. Let y be k(1). Suppose 0*l + 6 = y*l. Suppose l*x - 195 = -2*x. What are the prime factors of x?
3, 13
Suppose 45*s = 49*s - 96. What are the prime factors of s?
2, 3
Let t(v) = -8*v. Let s be t(1). Let x = -4 - s. Suppose -q = x - 6. List the prime factors of q.
2
Suppose -804 = 14*b - 3576. What are the prime factors of b?
2, 3, 11
Suppose 7207 = 4*w - 52*i + 51*i, -4*i = -4*w + 7216. What are the prime factors of w?
1801
Suppose -7*p + 292 = -4965. What are the prime factors of p?
751
Let h = 4 - 1. Let l = -19 + h. Let p = l + 39. What are the prime factors of p?
23
Let m = 72 - 402. List the prime factors of (14/(-3))/(11/m).
2, 5, 7
Let d(y) = -42*y. Let u be d(1). Let q be (-1435)/u - 1/6. Let m = q + 3. List the prime factors of m.
37
Let o(v) = 13 - 21*v + 9 - 21. Suppose -3*x + 4*a - 23 = 0, 5*x + 0*a - 3*a = -20. What are the prime factors of o(x)?
2, 11
Let h = 46 + -46. Suppose w - 21 - 38 = h. What are the prime factors of w?
59
Let x = 297 - -344. List the prime factors of x.
641
Let a = -2734 - -3907. List the prime factors of a.
3, 17, 23
Let k = 104 - 67. Suppose 0 = p - 3, 2*p - 206 = -3*a + k. List the prime factors of a.
79
Let w be (-6 - -3)*2/(-6). Suppose 0*v + 5*k = -3*v + 27, v = k + w. Suppose -v*x + 4 = -2*x. What are the prime factors of x?
2
Let q(d) = -d**3 + 5*d**2 - 6*d + 5. Let c be q(4). Let x be c/7 + 190/35. Suppose -x*l = -164 - 56. What are the prime factors of l?
2, 11
Suppose -1080 = 25*m - 28*m. What are the prime factors of m?
2, 3, 5
Let f be 1*(-4)/4 + 4. Suppose 0 = -3*m + f*c + 252, -4*c = -4*m + 5*m - 79. List the prime factors of m.
83
List the prime factors of 93/2*528/36.
2, 11, 31
Suppose -i = k - 44, -5*i + 176 = -i + 2*k. Suppose -10 = -3*v + i. List the prime factors of v.
2, 3
Suppose -4151 + 13799 = 4*t. List the prime factors of t.
2, 3, 67
Suppose -88*v = -214776 + 38512. List the prime factors of v.
2003
Suppose -4*l + 44 = -4*c, c = 5*c - 5*l + 49. What are the prime factors of (-1328)/(-18) + c/(-27)?
2, 37
Suppose -62*u - 11*u + 76431 = 0. List the prime factors of u.
3, 349
Let n(f) = 1. Let j(q) = -4*q. Let s(z) = 3*j(z) + 6*n(z). Let v be s(-3). Suppose -p = 5*k - 73, 3*k = -5*p + 15 + v. List the prime factors of k.
2, 7
Suppose -2*p + 4*p - 404 = 0. Suppose -5*s = -p - 48. What are the prime factors of s?
2, 5
Let v(a) = 314*a + 3. Let k be v(-4). What are the prime factors of (-1)/(-4) - k/28?
3, 5
Let g = -5 + 7. Let b be ((-4)/34 - 80/(-102))*3. Suppose 10 = 5*n, b*s - 96 = -g*s + 4*n. List the prime factors of s.
2, 13
Let m = 44 - 41. List the prime factors of 45/(-30)*(-190)/m.
5, 19
Suppose w + 4*o - 10 = 0, -2*o - 2*o = 3*w - 54. Suppose 21*f + 2 = w*f. Suppose 6*g - 84 = f*g. List the prime factors of g.
3, 7
Let y be (5/(20/6))/3*20. Suppose -37 = -n + x, 4*x - 10 = y. What are the prime factors of n?
2, 3, 7
Let k be 0*(0 - 4)/4. What are the prime factors of (k + 12/5)*40/6?
2
Suppose 2*j - 11 = -1. Suppose -t - 5 = -3*d, -8 = -j*d + t + t. Suppose -2*f = 3*f + 4*c - 140, d*f - 43 = c. List the prime factors of f.
2, 3
Let i(p) = 696*p**2 + 9*p - 25. What are the prime factors of i(2)?
2777
List the prime factors of ((-105)/(-7))/((-24)/(-760)).
5, 19
Let v(y) = -2*y + 14. Let o(d) = -d**2 - 2*d + 5. Let a be o(-3). Suppose u + 6 = -a. List the prime factors of v(u).
2, 3, 5
Suppose y - 46*p - 8 = -50*p, -4 = -2*p. Suppose 3*i = -0*i + 468. Suppose -w - 2*w + i = y. What are the prime factors of w?
2, 13
Let c(p) = 5*p**2 - 19*p + 251. List the prime factors of c(9).
5, 97
What are the prime factors of (2209 + 29)*(-1)/(-3)?
2, 373
Suppose -49*s + 48*s - 16 = 0. Let l = -41 - s. List the prime factors of (268/(-10))/(10/l).
67
Let k(u) be the third derivative of u**6/80 - 17*u**5/120 + 3*u**4/8 + 11*u**2. Let o(b) be the second derivative of k(b). What are the prime factors of o(7)?
2, 23
Suppose -i = -88 + 91. Let q(g) = g**3 + 9*g**2 - 7*g - 8. What are the prime factors of q(i)?
67
Let c(a) = 30*a + 35. Let w(q) = 30*q + 34. Let m(b) = -4*c(b) + 3*w(b). What are the prime factors of m(-7)?
2, 43
Let u(a) = 75*a + 349. What are the prime factors of u(13)?
2, 331
Suppose 5*l - 18 = z, -5*z = l - 3*z + 3. Suppose v - l*u = 43, -v - 2*u + 126 = v. List the prime factors of v.
2, 29
Suppose -2754 = -6*u + 2*u + 3*b, 3*u = b + 2063. Suppose 4*i - 341 - u = 0. What are the prime factors of i?
257
Let a = 16 - 16. Suppose 95 = l - a*l. Let b = 141 - l. List the prime factors of b.
2, 23
Let o(l) = 34*l + 2. Let z(m) = -17*m - 1. Let v(i) = -3*o(i) - 5*z(i). What are the prime factors of v(-2)?
3, 11
What are the prime factors of ((-3154)/(-8) + 0)*(421 + -417)?
19, 83
Suppose 0 = 2*a - 4*z - 180, 2*a + 4*z + z - 180 = 0. Let l = -51 + a. What are the prime factors of l?
3, 13
Suppose -9*c + 632 = -5*c. What are the prime factors of c?
2, 79
Let o = 205 + 2. What are the prime factors of o?
3, 23
Let k(f) = -f**3 + 15*f**2 + 20*f - 15. Let u be k(16). Suppose -u + 13 = 3*i. What are the prime factors of i*((-20)/16 - 0)?
3, 5
Let c(b) = -b**3 + 12*b**2 - 8*b + 1. List the prime factors of c(6).
13
Suppose 4*d - 2 = 10. Suppose 5*p - 38 = d*p. Let k = p - 0. What are the prime factors of k?
19
Suppose 0*y = -2*y - 2*n + 232, -2*n + 115 = y. Let h = y + -34. List the prime factors of h.
83
Suppose -2*w + 3*z = -171, 2*w - 3*z = -5*z + 186. Let c = w + 7. What are the prime factors of c?
97
Let x(i) = -i**2 - 18*i + 11. Let b be x(-13). Suppose -b = -g - 3*y, g + 0*g + 2*y = 71. What are the prime factors of g?
61
Suppose -5 = g + 7. Let n(p) = p + 22. List the prime factors of n(g).
2, 5
Suppose 0 = -w + 3*z + 686, -2*w + 5*z + 1363 = 2*z. What are the prime factors of w?
677
Suppose -3*f + 18 = -2*t - 11, t + 2*f = 3. Let r(i) = -3*i + 31. What are the prime factors of r(t)?
2, 13
Suppose -5*f = -5*q - 6 + 46, 5*f = -5*q. Suppose 3*r + 115 = d - r, 0 = -5*d + 4*r + 655. Suppose -q*w + d = w. List the prime factors of w.
3
Let x(h) = h**2 - 18*h + 64. What are the prime factors of x(29)?
383
Let o(n) = 3*n - 7. Let l be o(3). Suppose 0*i + l*m = -i - 3, 4*m + 9 = -i. Suppose -i*w + 23 = -4. List the prime factors of w.
3
Suppose 4*q - 1000 = -0*q. List the prime factors of q.
2, 5
Suppose -193 = 8*l + 79. What are the prime factors of 0 + (-10)/85 + (-4050)/l?
7, 17
Let r be ((-18)/8)/(5/(-20)). Let q = 3 + r. What are the prime factors of q?
2, 3
Let m(s) = 137*s + 80. List the prime factors of m(6).
2, 11, 41
Suppose -21*k - 53 = -24*k + 4*r, 4*k = 2*r + 84. What are the prime factors of k?
23
Let c(i) = 6*i + 3 - i - 3*i + i**2 + 3*i. Let s be c(4). Let w = s - 6. What are the prime factors of w?
3, 11
Let o(r) = -r**2 + 76*r + 14. List the prime factors of o(15).
929
Let o(y) = 5*y**3 + 6*y**2 + 19*y - 32. List the prime factors of o(8).
2, 383
Let t(x) = x**2 + 8*x - 3. Let q be t(-9). Suppose q*a - 4*a = 8. Suppose 0 = -a*b - b + 30. List the prime factors of b.
2, 3
Let l(c) = -39*c**3 + 2*c**2 + 20*c + 15. What are the prime factors of l(-3)?
2, 3, 19
Suppose 17*w - 10540 = -0*w. List the prime factors of w.
2, 5, 31
Suppose -3*c + 3 = -3*i, 4*c - 1 = 3*i + 7. Suppose 10*o - 5*o + 3*l = -12, -5*o + i = -l. Suppose o*k + 44 = k. List the prime factors of k.
2, 11
Suppose -2*h - 4*h + 1092 = 0. Suppose -h = -6*g + 94. What are the prime factors of g?
2, 23
Let t be 2/8 + 3295/20. Suppose -10 = 5*s - t. List the prime factors of s.
31
Suppose 3*g - 4 = 5*v, -4*v + 10 = -2*g -